e?
False
Let o = -63 + 61. Let b(x) = -949*x + 7. Let a be b(o). Suppose 0 = 3*c - 2*f - a, -c + 635 = 2*f - 5*f. Is c prime?
False
Let u be 7/(-28) + (-105)/(-4). Suppose -u = -6*p - 2. Suppose p - 115 = -d. Is d a prime number?
False
Suppose -3*y - 5*q = -1, 0 = -3*q + 8*q + 5. Let l = 16143 - 7939. Suppose -4*x + 2*a = -l, 3*a + 2061 = y*x - x. Is x prime?
False
Let x = -294 + 1338. Suppose x = -110*a + 107*a. Let u = a - -1425. Is u composite?
True
Let f = 233049 - 108722. Is f composite?
True
Suppose 3*m + 18 = d - 0*m, -4*d + 2*m = -22. Suppose -u + 1304 = 5*o, -3*u = -u + d*o - 2629. Is u composite?
False
Suppose 702328 + 4753431 - 776157 = 94*c. Is c prime?
True
Let d = -98520 - -149551. Is d prime?
True
Suppose -6*r - 1438 + 15544 = 0. Let i = r + -139. Suppose -13*n + i = -9*n. Is n composite?
True
Let g = 22964 + 17495. Is g a composite number?
False
Is (-35310 - (0 - -3))*(-13 - -20)/(-21) composite?
True
Suppose -k + 490 = 13*k. Is (-2)/((-10)/k) - -6826 composite?
False
Let f(i) = -i**2 - 1. Let p(t) = 5*t**3 - 2*t**2 - 3*t - 9. Let k(s) = -s**3 + 1. Let a(m) = 22*k(m) + 2*p(m). Let l(y) = a(y) + 5*f(y). Is l(-4) prime?
True
Let s(q) = q**2 + 12*q - 7. Let h be s(-13). Let w be 5135 - 1 - h*(-6)/(-18). Suppose -w = 7*b - 11*b. Is b composite?
False
Suppose -12*j - 8*j + 119960 = 0. Is j a composite number?
True
Let o(c) = -3*c**3 + 2*c**2 + 5*c - 6. Let x be o(3). Is (9/x*-15)/(2/3812) a composite number?
True
Let q(z) = -1772*z + 61. Let g(s) = -3*s**2 + 9*s - 3. Let t be g(3). Is q(t) composite?
True
Suppose -7*u = 11*u. Suppose 3*n - 5*r + 9*r - 3118 = u, 3132 = 3*n - 3*r. Is n composite?
True
Is 640243/3 + (-5824)/(-1248) a composite number?
True
Let t(p) = p**2 - 3*p + 115. Suppose 3*s - 11 = 1. Let f(l) = 2*l - 8. Let g be f(s). Is t(g) prime?
False
Let d(y) = -y**3 + 5*y**2 - 4*y - 3. Let m be d(4). Let g(w) = 476*w**2 + 8*w + 11. Is g(m) prime?
True
Let u(j) = -336*j - 139. Let r(d) = -d**2 - 16*d - 73. Let v be r(-9). Is u(v) prime?
True
Let b(s) = s**3 - 13*s**2 - 14*s + 219. Let o be b(15). Let z be 9/(-12) - 1/4. Is (o - (-2)/z)/(-10 + 11) a composite number?
False
Let s(m) = 2*m**2 + m - 2. Let c be s(0). Let k be c/45*-5 - (-216266)/18. Is (-3)/12 + (k/(-12))/(-9) composite?
True
Let q be (-12 + 6)/6 - (-13)/1. Suppose -47190 - 12054 = -q*f. Is f composite?
False
Let w = -33756 + 73329. Suppose -5*i - 3*v = -33356, 5*i + 5*v - w = -6223. Is i a composite number?
False
Is (76143815/(-15))/(-11)*(-6)/(-2) a composite number?
False
Suppose 24*r = 19*r + 15. Suppose 5*o = -2*j + 1169, 2*o + 1780 = r*j + 17. Is j prime?
True
Suppose -6*m + 7 = -11. Let y be m/(6/(-16)) - (-1 - 2). Let a = 138 + y. Is a prime?
False
Suppose 5*v + 2*w = w - 10, -5*v = 5*w + 10. Let u(s) = -s**3 - 2*s**2 - 2*s. Let z be u(v). Suppose z*g - 1159 = 385. Is g composite?
True
Let w = 198 - 177. Suppose 2*f = -10, s + 23*f = w*f + 135. Is s composite?
True
Let b be (-24 - -13 - -5) + (0 - -24). Let l(g) = 41*g + 59. Is l(b) a prime number?
True
Let x(c) = 47409*c**2 + 8*c - 50. Is x(3) prime?
False
Suppose -6604231 = -27*u + 1970551 + 1785739. Is u a composite number?
False
Suppose -4*q + 11 = 3. Suppose q*j - 6 = 0, 9 = -3*z - j - 9. Is 2252/14 + ((-2)/z)/2 composite?
True
Suppose -1168 = -z + 189. Suppose 0 = 61*j - 59*j. Suppose 5*y - 2*h - z = j, 5*h - 727 = -4*y + 352. Is y a prime number?
True
Suppose 22 = -94*n + 105*n. Suppose a + 12571 = n*a. Is a a composite number?
True
Is 123674*((-75)/30)/(-5) a composite number?
False
Suppose 220 = 27*r - 23. Suppose 3*l + 1881 = 3*m, r*l = -5*m + 8*l + 3159. Is m a composite number?
False
Suppose 4*t + 4*a + 1272 = 0, 790 = -5*t + 5*a - 760. Let b = t - -661. Is b prime?
True
Let k = 308 + -304. Suppose -k*h + 5937 = 13*o - 12*o, o = 2*h + 5961. Is o composite?
False
Suppose 0 = -5*i - u + 5*u - 56, -2*i = -2*u + 22. Let w(x) = -249*x + 2. Let z be w(i). Let b = z - 1959. Is b prime?
True
Let z = -28 - 2. Let s be 10*5/z + 1/(-3). Is (0 + s)/(12/(-1986)) composite?
False
Suppose 81*q - 86*q + 10 = 0. Suppose q*s = 9*s - 41783. Is s composite?
True
Suppose o - 5*j - 19271 = 7880, 0 = o - 3*j - 27145. Suppose -o = -7*m + 62457. Is m prime?
True
Is (-950 + 949)*(-7754 + 1 - 0) a composite number?
False
Let u(a) be the second derivative of 187*a**4/12 + 5*a**3/3 + 19*a**2 - 8*a - 8. Is u(-9) prime?
False
Is 2/(((-12)/(-3105666))/((-12)/(-36))) a composite number?
True
Let f(w) = -19 - 29 - 13*w - 13 + 169*w. Is f(14) prime?
False
Let b(z) = 3*z - 57. Let n be b(19). Let q(x) = 2 - 1 - 380*x**3 + n*x - 2*x - 2. Is q(-1) composite?
True
Suppose -14*c + 56996 + 60828 = 0. Let x = 6501 + c. Is x a prime number?
False
Let c be 0*(-2 + -4 + 7). Let z(i) = -4*i + 655. Is z(c) prime?
False
Is (4/(12 - 16))/(((-2)/(-151442))/(-1)) a prime number?
True
Let z(m) = -2*m**3 - 4*m**2 + 8*m - 6. Let y(g) = 2*g**3 + 3*g**2 - 7*g + 7. Let d(i) = 3*y(i) + 2*z(i). Let j be d(6). Suppose -6*l + j = -3*l. Is l composite?
False
Let f = -43393 + 69581. Suppose -4*w - y + f = 0, 2*w - 5*y = 5*w - 19641. Is w prime?
True
Suppose 20*r = 32*r. Suppose -61*q + 65*q - 4532 = r. Is q a composite number?
True
Suppose 3*n - 2*i = 290003, -3*n + 153110 = -4*i - 136895. Is n prime?
True
Let s = -127 - -143. Suppose 0 = -11*q + s*q - 5045. Is q composite?
False
Let i(o) = o**3 + 12*o**2 + 11*o + 2. Let x be i(-11). Suppose -2*l = x*v + 22, -3*l - 2*v + 4*v = 48. Is 4/l + 20545/49 prime?
True
Suppose 16*v + 119988 - 308532 = 0. Suppose 0 = 6*s - 8886 - v. Suppose 0 = -5*d - 0*c + 5*c + s, 0 = 2*d + 5*c - 1378. Is d a prime number?
False
Let n be ((4 - 4) + 0)/1. Suppose 20*k - 15*k - 5 = n. Is (-3 - 0)*k - (-417 - 1) composite?
True
Suppose -5*h = 4*k - 8*k - 90, -3*h + 81 = 3*k. Suppose -150072 - 79850 = -h*f. Is f prime?
False
Let i = 684036 - 60503. Is i a composite number?
True
Suppose -n = -0*n + 304. Let x be (n/2)/((8/38)/(-2)). Let j = x + -657. Is j a composite number?
False
Suppose 2 = 2*i + 4*o, 0 = -i + 5*i + 4*o. Is -4 + ((i - -1)/(-2) - -2463) composite?
False
Let x(w) = 75*w**3 - 90*w**2 - 30*w + 65. Is x(18) composite?
True
Let u be 5*(-1)/(-10)*28. Suppose v - 2 = 4*j - 6, 3*j + u = 5*v. Is j/4 - (-6546)/4 a composite number?
False
Suppose -2*k = 5*d + 10, d - 5*k - 15 = -2*k. Suppose 5*p + 4*m - 21771 - 12984 = d, 4*m = 2*p - 13874. Is p prime?
True
Suppose -1613*k = -1614*k - 926. Let l = k + 1797. Is l a prime number?
False
Suppose 0*d + 3*d = 2*j + 305, 2*d - 10 = 0. Let l be ((-3)/(27/24))/(2/6). Is j*l/6 - 102/(-153) a composite number?
True
Suppose -3*a - 2*n - 2 = 12, n + 12 = -4*a. Is 1/(a/(-17432))*7/28 a composite number?
False
Let p = -53 - -50. Is 986 + p + -3 + 5 a composite number?
True
Let p be (-2264 - 5) + (-18)/6 + 1. Is -21*p/9 - 5 prime?
False
Suppose 0 = -426*b + 424*b - 14. Is (b - -6 - 3) + 417 a composite number?
True
Let c(a) = -85*a**2 - 5*a + 11. Let u(n) = 170*n**2 + 10*n - 21. Let o(d) = -5*c(d) - 2*u(d). Let f be (-67 - -69)*(-10)/(-4). Is o(f) prime?
True
Suppose -12*h = -17*h + 425. Suppose -80*j + h*j = 13990. Is j a composite number?
True
Suppose -2*z = -10, 2*a - z = 2*z - 11. Suppose -a*c = 5*t - 10 - 7, 4 = -c. Is (-332)/(-10) + ((-1)/1)/t a composite number?
True
Suppose 116*j - 374871 = -3*m + 120*j, -124957 = -m + 2*j. Is m a prime number?
False
Let p = -7810 + 29537. Is p prime?
True
Let b(r) = r + 8. Let v be b(0). Let w be (2 - (-2)/v)*(-1416)/(-9). Suppose -6*h + 0*h + w = 0. Is h prime?
True
Suppose 18239750 - 2050952 = 65*m + 49*m. Is m prime?
True
Let j be ((-1624)/(-6))/(2/(-6)). Let d(b) = 28*b**3 + 9*b**2 + 22*b + 17. Let i be d(-4). Let r = j - i. Is r a composite number?
False
Suppose -5*g = -12 - 28. Suppose 108 = g*l - 4*l. Let h = l + 59. Is h a prime number?
False
Suppose 0 = m + 2*m - 7056. Let a be (-105)/(-60) + (-6)/8 - m. Let o = -1653 - a. Is o a composite number?
True
Suppose 0 = 4*g + g - 10. Let o(q) = -18*q + 15. Let l be o(-4). Suppose l = -g*d + 3*d. Is d composite?
True
Let d be (-12)/8*4 + 2 + -4. Let g(a) = -15*a**3 - 17*a**2 - 2*a + 1. Is g(d) a prime number?
False
Let f(l) = 2345*l + 74147. Is f(0) a prime number?
False
Let d(b) = b**3 + 23*b**2 + 16*b - 50. Let z be d(-15). Let k = 2681 - z. Is k composite?
False
Let r(f) = 112437*f**2 - 165